2*l + 22 = 2*z - 2, 5*z + l - 36 = 0. Calculate the greatest common factor of z and 20.
4
Let f(k) be the second derivative of k**4/12 + 10*k**2 - 22*k. Let z be 1*(-1 + 1)/2. Let o be f(z). What is the greatest common divisor of o and 60?
20
Let u(s) = 2*s**2 + 2*s + 2. Let x be u(-3). What is the highest common divisor of x and 112?
14
Suppose -5 = -i - 1. What is the highest common factor of i and 44?
4
Suppose 3*s + 4*j = -2, 5*j + 0*j + 7 = -3*s. Calculate the greatest common divisor of s and 66.
6
Suppose 3*r - 8 = -5*q + 16, -3*q - 3 = -4*r. Let b(a) = 4*a - 3*a**2 - 3*a + 4*a**2. Let m be b(q). Calculate the greatest common factor of m and 12.
12
Let u be ((-8)/5)/(1/(-50)). Suppose u = 6*o - o. What is the highest common factor of o and 4?
4
Let z(s) = s - 5. Let y be z(-4). Let b = y - -15. Let p be b/(-27) - (-2598)/27. What is the greatest common factor of 12 and p?
12
Let a(z) be the third derivative of z**5/60 + 5*z**4/24 + z**3/6 - z**2. Let h be a(-5). Let o = -7 - -8. What is the highest common factor of o and h?
1
Let o = -22 - -39. Let d = 3 - 13. Let p = o + d. What is the greatest common factor of 14 and p?
7
Let k be 4/(-12) - 86/(-6). Suppose 0 = -2*s + 8 - 0, 4*m - 28 = -5*s. What is the highest common factor of m and k?
2
Suppose 2*f - 5 = 9. Let n be 15 - (4 + -2 + -1). Calculate the greatest common divisor of f and n.
7
Suppose 2 = 2*p + 2*a, -3*p + 13 = -5*a - 22. Suppose -p*i - 8 = -48. Suppose 3*r - 4*r + 32 = 0. Calculate the highest common factor of r and i.
8
Suppose -19 - 1 = -2*a. Suppose 0 = -h + 3*h + a. Let d(i) = -3*i - 3. Let k be d(h). What is the greatest common factor of k and 84?
12
Suppose -2 = 6*a - 32. Calculate the greatest common factor of 45 and a.
5
Let g = 95 + -67. What is the greatest common factor of 42 and g?
14
Let z be (1 + 0)/((-14)/(-406)). Calculate the highest common factor of z and 116.
29
Suppose y - 28 = -1. Let o(z) = z**3 + 6*z**2 + 3*z - 1. Let n be o(-5). Calculate the greatest common divisor of n and y.
9
Let c(p) = -p**2 - 7*p - 3. Let j be c(-5). Calculate the greatest common divisor of j and 14.
7
Let j be (-20)/(-14)*(9 + -2). What is the greatest common factor of 2 and j?
2
Suppose -2*m - 512 = 5*u, 0 = 3*m - 2*u + 3*u + 742. Let a = m + 363. What is the highest common factor of 13 and a?
13
Suppose -f = 4*m + 10, -f - 2*m = -3*f + 20. Let a = 7 - f. Let t be 11 + (-2 - -4)*a. What is the greatest common divisor of 91 and t?
13
Suppose -5*j - 3*x + x + 65 = 0, 25 = -5*x. Calculate the highest common factor of 6 and j.
3
Suppose -4*p - 3*a + 120 = 21, -2*p + a + 37 = 0. Calculate the highest common divisor of p and 7.
7
Let i(a) = a**3 - 7*a**2 + 6*a + 5. Let h = -11 + 17. Let y be i(h). Suppose 5*n = y - 0. Calculate the greatest common factor of 5 and n.
1
Let j(x) = x + 3. Let s be j(7). What is the greatest common divisor of 80 and s?
10
Suppose 0 = -p + 7*v - 3*v, -2*p + 2*v - 12 = 0. Suppose 2*y - 4*d - 8 = 10, -4*y + 86 = 2*d. Let z = y - p. Calculate the greatest common factor of z and 3.
3
Let n be 4 + (2 - -1)/(-1). What is the highest common divisor of 2 and n?
1
Let g(n) = 11*n + 0*n**2 + n**2 - 12 - n + n**2. Let m be g(-11). Calculate the greatest common factor of 24 and m.
24
Suppose -5*b + 22 = -w, 4*b + 4*w - 27 = b. Suppose -t - 55 = -5*q - b*t, 22 = 2*q + 4*t. Calculate the greatest common factor of 121 and q.
11
Suppose 19 + 5 = 2*p. Let m be (-48)/(-9)*9/2. What is the highest common factor of p and m?
12
Let q(u) = -u**3 + 7*u**2 + 8*u + 2. Suppose 4*z - 4 = 0, -2*z = -4*d + 3*z + 27. Let y be q(d). What is the highest common divisor of 6 and y?
2
Suppose 7*w = 3*c + 3*w - 44, 0 = -2*c + 4*w + 32. What is the greatest common divisor of 60 and c?
12
Let z be (2 - 1)/((-2)/(-8)). Let i be (2/4)/(z/32). Let p = -3 + i. Calculate the highest common factor of p and 9.
1
Suppose -16 = -2*c - 4. Let w = c + -2. Calculate the highest common divisor of w and 32.
4
Suppose 3*n = -l + 118, -n - 5*l = 13 - 57. Calculate the highest common divisor of n and 26.
13
Let i be (42/105)/(2/40). Suppose -4*r + 3*y + 212 = 0, -5*r - 4*y + 16 = -280. Calculate the greatest common divisor of i and r.
8
Let l be (8/(-6))/(12/(-414)) - -3. What is the highest common divisor of l and 490?
49
Suppose q = -y + 14, 4*q - 57 = -0*q - 5*y. Calculate the highest common divisor of q and 104.
13
Let z(a) = -4*a - 27. Let k be z(-15). What is the highest common divisor of 33 and k?
33
Suppose 2*t - 390 = -4*y, 6*t - 3*t = -4*y + 387. Suppose -4*a + 4 + 8 = 0. Suppose -a*h + 14 = -13. What is the highest common factor of y and h?
9
Suppose 5*d = d + 32. What is the highest common factor of 20 and d?
4
Suppose 4*r - 40 = 56. Suppose -2*o - 2*o + 46 = a, 2*o = -3*a + 18. Calculate the highest common factor of r and o.
12
Suppose 0 = -3*z - 4*a + 168, -z + 4*z + 3*a = 171. Let b = -2 + 22. What is the highest common divisor of b and z?
20
Let h(j) = -j**2 + j - 3. Let y be h(3). Let g = 11 + y. Let p = -4 + 6. Calculate the highest common divisor of p and g.
2
Let n be (12/(-5))/(4/20). Let k be (-18)/n*(-4)/(-6). Let i be (-14 + -6)/(k/(-5)). Calculate the highest common divisor of 40 and i.
20
Suppose -x + 3*x = 14. Suppose x*n - 6*n - 46 = 0. What is the highest common factor of n and 69?
23
Let z(f) = f**2 + 4*f + 7. Let b be z(-5). Let j be 184/10 + (-8)/20. Suppose -5*u - j = -r, -4*r - r = u - 38. Calculate the highest common factor of b and r.
4
Suppose 0 = 3*j + 2 - 8. Let y be ((-3)/2)/((-1)/6). Let i = 15 - y. Calculate the greatest common divisor of i and j.
2
Let u be (3 - (-11 + 4)) + 4. What is the highest common divisor of u and 14?
14
Let v be 1/((2 + 0)/38). Let k = -105 - -314. Calculate the greatest common divisor of k and v.
19
Let g(p) = -3*p**2. Let i be g(2). Let j(n) = -5*n - 7*n + 13*n + 14. Let y be j(i). Calculate the highest common divisor of 18 and y.
2
Let l = -3 + 3. Suppose l = -4*i + 3 + 5. Let q be (-6)/4*20/(-6). Calculate the greatest common factor of q and i.
1
Let d be 2/((-1)/1 + 2). Suppose 0 = -l - z - 4*z + 4, 5*l + 4*z - 20 = 0. What is the greatest common divisor of l and d?
2
Let o(z) = 2*z. Let w be o(1). Suppose -w + 11 = v. What is the highest common factor of 3 and v?
3
Let i be (72 + 0)*(-5)/(-3). Calculate the highest common factor of i and 24.
24
Let k be 2*1 - (-3 - -4). Let h = 11 - k. Calculate the highest common divisor of 10 and h.
10
Let x(m) = 6*m + 2. Let o(z) = z. Let g be o(5). Let j be x(g). What is the highest common factor of 4 and j?
4
Let q(r) = 12*r**2 + 2*r - 10. Let l be q(-4). What is the greatest common divisor of 116 and l?
58
Suppose -24 = -6*g + 3*g. Suppose -3*c = -j + g, 0 = 3*c - 3 - 0. What is the highest common factor of 99 and j?
11
Suppose 4 = -m + 13. Let o = m + -13. Let j be (12/o)/(2/(-14)). Calculate the highest common factor of 7 and j.
7
Let v = 131 + -67. What is the highest common divisor of v and 8?
8
Let w(o) = -18*o - 2. Let k be w(-1). What is the highest common factor of k and 112?
16
Suppose 3*y = s + 4*y - 3, 2*s = -3*y + 6. Let d = 3 + -4. Let j = d - -4. Calculate the greatest common factor of j and s.
3
Let d = 5 + -8. Let m(q) = q**2 + 2*q - 2. Let a be m(d). Let b be 0 - (-2 - -2 - a). Calculate the highest common divisor of b and 5.
1
Suppose 4*a - 5*q - 360 = 0, 3*q + 450 = a + 4*a. Calculate the highest common factor of 54 and a.
18
Let b = -39 - -67. Let u(f) = f + 6. Let a be u(-6). Suppose a = -d + 6*d - 20. What is the highest common divisor of d and b?
4
Let j(t) = 5*t - 13. Let z be j(8). What is the highest common divisor of 189 and z?
27
Suppose -5*m = -0*m - 40. Let f be (2 - (-3 + 6))/(-1). What is the greatest common divisor of m and f?
1
Suppose 2*l - 3*l + 2*i + 71 = 0, 0 = -3*l - 4*i + 233. Suppose -112 = -5*g + 38. What is the greatest common factor of g and l?
15
Let f(c) = c**2 + 24*c + 46. Let g be f(-23). What is the highest common factor of 184 and g?
23
Suppose -11*o + 13*o = 36. Suppose 4*q - i - 2*i = 192, -i + 41 = q. What is the greatest common divisor of q and o?
9
Let x be (0 - -2)/((-10)/(-120)). Calculate the highest common factor of x and 40.
8
Let h = 87 - 43. What is the greatest common factor of h and 4?
4
Let y(u) = u**2 + u - 1. Let p be y(2).